 and r?
12
Suppose 1 = -d + 4. Suppose 0 = -3*v + 2*u + 6 + 34, 5 = -v - d*u. What is the greatest common factor of v and 90?
10
Let t be 3/(-9)*(-9)/1. Suppose -s - 3*n = -5*n - 113, 0 = 2*s + t*n - 254. Suppose -3*k + 31 = -2. What is the greatest common factor of k and s?
11
Let q = 2 - 6. Let d(o) = -5*o. Let i be d(q). Calculate the greatest common factor of i and 140.
20
Let v = -8 + 28. What is the highest common factor of 30 and v?
10
Suppose 0 = 5*g - 137 - 363. Suppose 0 = -2*o - a + g, 0 = 2*a + a - 6. Calculate the greatest common divisor of 7 and o.
7
Let n(y) = 2*y**2 + 4*y. Let o be (-12)/2 + 6/6. Let k be n(o). Calculate the highest common divisor of 45 and k.
15
Suppose 5*q = -4*o + 22, o - 8 - 1 = -3*q. Let c(f) = 4*f - 2 + 2*f + 0*f. Let x be c(o). What is the greatest common divisor of 176 and x?
16
Let t = 10 + 2. Let g(q) be the second derivative of -q**3/3 - q**2 - 3*q. Let z be g(-4). Calculate the greatest common divisor of t and z.
6
Let h = -59 + 202. Let i be (-2)/(-7) + 89/7. Calculate the highest common divisor of h and i.
13
Suppose -4*z + 114 = 5*y, 10*z + 58 = 3*y + 15*z. Calculate the greatest common divisor of y and 26.
26
Suppose 4*q - 6 = 2. Suppose -4*i - 4*m = -236, 5*i + 2*m = -q*m + 292. What is the highest common factor of i and 14?
14
Let w(p) = p**2 + 5. Let y be w(5). Let o = y + 2. What is the greatest common factor of 4 and o?
4
Let w = -136 + 345. What is the greatest common factor of 19 and w?
19
Let i(k) = 9*k**2 - k - 1. Let z be i(-1). Suppose -5*u = z + 11. Let p be u + 2 + (-292)/(-2). What is the greatest common divisor of 16 and p?
16
Let a = 7 - 7. Suppose a = 4*u - m + 2, -u - 4 = -4*m + 2*m. Suppose u = -5*l + l + 44. Calculate the greatest common divisor of 1 and l.
1
Let z(t) be the second derivative of -t**3/3 + t. Let b be z(-6). What is the highest common factor of b and 48?
12
Let j(x) = x**2 - x - 43. Let f be j(0). Let w = 60 + f. Let v = w + -8. Calculate the highest common divisor of 18 and v.
9
Suppose -4*q + 0*q + 4 = 0. Let r = 14 - 5. Calculate the highest common factor of r and q.
1
Let l(f) = 2*f**3 - 6*f**2 + 3*f. Let u be l(5). Calculate the greatest common factor of 23 and u.
23
Let d(x) = 11*x**3 + x**2 - 2*x + 1. Suppose -5 = -4*k - 1. Let n be d(k). What is the greatest common divisor of n and 22?
11
Let w(n) = n - 74. Let l be w(0). Let y be (2 + l)*12/(-16). What is the greatest common factor of 9 and y?
9
Let n = -3 + 6. Suppose 6*p - 552 = n*p. Calculate the highest common divisor of 23 and p.
23
Suppose -4*o - 5 = -1. Let x be o + 11/(44/144). What is the greatest common divisor of x and 7?
7
Suppose -d - 5*q + 2 - 5 = 0, -3*q = d - 1. Let m be 159/d - (-8)/28. Calculate the greatest common divisor of m and 161.
23
Let m(q) = 3*q**2 + 3*q - 5. Let r be 4/(-22) + 92/22. Let t be m(r). What is the highest common divisor of 5 and t?
5
Suppose 5*t - 2*a - 38 = 4*t, -3*a - 71 = -2*t. Let o(m) = -m**2 - 12*m + 1. Let n be o(-9). What is the highest common factor of n and t?
28
Suppose 2*c - q - 82 = -4*q, 0 = -4*q - 8. Let v = c - -91. What is the highest common factor of 15 and v?
15
Let o be (-1 - -4) + 55*-1. Let k be ((-9)/(-12))/((-1)/o). Suppose -3*m + r + 33 = 3*r, 4*m = -r + k. Calculate the greatest common divisor of m and 9.
9
Let p = 7 + 15. Calculate the highest common divisor of p and 11.
11
Let l(t) be the first derivative of -1 + 1/4*t**4 + 3/2*t**2 + 8/3*t**3 - 5*t. Let o be l(-5). What is the greatest common factor of 11 and o?
11
Let i(y) = 3*y**2 + 2*y + 2. Let x(c) = -3*c**2 - c - 1. Let v(f) = -3*i(f) - 4*x(f). Let k be v(3). Calculate the greatest common factor of k and 95.
19
Let y(z) = z**2 + 4. Let j be 6/27 - (-61)/9. Suppose 2*o - 15 = 5*h, 22 = -o - 5*h + j. Let d be y(o). Calculate the highest common divisor of d and 4.
4
Let a be (-2)/(-9) + 88/9. Let b be 4/((-12)/(-315)) - -5. What is the greatest common divisor of a and b?
10
Let u = -6 - -11. Suppose 3*k + 15 = 0, 3*x + 2*x + u*k + 5 = 0. What is the highest common divisor of x and 12?
4
Let p be (700/(-16))/(1/(-4)). Calculate the highest common divisor of p and 25.
25
Let n(o) = -o + 1. Let u be ((-6)/(-5))/((-1)/5). Let b be n(u). Suppose -2*v = -b*v + 25. What is the highest common divisor of 20 and v?
5
Let y be 93/7 + 32/(-112). Calculate the greatest common divisor of 208 and y.
13
Suppose -2*b + 5 = 3. Let s be 3/((3 - b)/6). What is the greatest common divisor of 3 and s?
3
Suppose -y + 4*g = -0*y - 88, 176 = 2*y - 5*g. What is the highest common divisor of 11 and y?
11
Suppose 2*z + 54 = 5*z. Let j(f) = -f**3 + 4*f**2 - 4*f. Let b be j(3). Let p = b - -9. Calculate the highest common factor of z and p.
6
Suppose 10 = -b - 4*d, 3*b - 35 = b + 3*d. Calculate the greatest common factor of b and 25.
5
Suppose 2 = -3*d - 1. Let x be d + 1 - (1 + -3). Suppose -t - x = -5. Calculate the greatest common factor of t and 27.
3
Let c = 15 + -32. Let k be c*(-3 + 3 + -1). What is the highest common divisor of k and 17?
17
Let a be (-111)/21 - 2/(-7). Let x = -3 - a. Suppose x*t + t - 24 = 0. Calculate the greatest common factor of t and 20.
4
Suppose 3*w - 7*w = 2*j + 592, 0 = -5*w. Let g be -2 + (-1 + -2 - 23). Let f be 8/g + j/(-7). What is the greatest common factor of 6 and f?
6
Suppose 4*h = h + 96. Let l = h - -23. Let a be (-13 + 3)*2/(-4). What is the highest common factor of a and l?
5
Suppose -2*r + 3*r + 1 = 0. Let o = r - -10. Calculate the highest common divisor of 1 and o.
1
Let b(k) = 27 + k + 19 - 36. Let f be b(10). What is the greatest common factor of 5 and f?
5
Let q be 38/9 + 4/(-18). Suppose 136 = -0*g + q*g. Let w be (g - 0)*(-1)/(-2). What is the highest common factor of 136 and w?
17
Let c(f) = -8*f + 66. Let r be c(8). What is the highest common divisor of 4 and r?
2
Let m(i) = -2*i**3 - 2*i**2 - i + 4. Let c be m(-2). Calculate the highest common divisor of c and 14.
14
Let j(p) = 2*p + 13. Let i be j(10). Calculate the greatest common factor of i and 11.
11
Suppose 0*w - 210 = -7*w. Calculate the highest common factor of 75 and w.
15
Suppose u = -2*v + 2*u + 57, 0 = -5*v + u + 141. What is the greatest common factor of 7 and v?
7
Let b be 222/4 + (-4)/8. Suppose -s + 100 = 3*s. Suppose 2*a - 4 = o - 1, 0 = -o - 5*a + s. What is the highest common factor of b and o?
5
Let a = -9 - -28. Calculate the highest common divisor of 76 and a.
19
Suppose z = -2*h + 13, -2*h + 29 = 5*z - h. Calculate the greatest common divisor of z and 50.
5
Suppose -4 - 4 = -2*p + 5*x, 3*p + 4*x = 35. What is the highest common factor of 18 and p?
9
Let q(n) = 19*n**2 - 1. Let b be q(1). What is the greatest common divisor of b and 90?
18
Let z be 205 + (1 - 4) + 6. What is the highest common factor of z and 26?
26
Let t(q) = 4*q - 19. Let r be t(8). Let y = 238 - 95. Calculate the highest common divisor of y and r.
13
Let d be 220/260 + 4/26. Calculate the greatest common factor of d and 10.
1
Let w = 36 - 14. Let u = 10 + 1. Calculate the highest common divisor of u and w.
11
Let h = -11 + 8. Let t = h + 9. Let d be ((-24)/(-10))/(2/30). What is the highest common factor of t and d?
6
Suppose -5*x + 4*b + 1653 = 557, -4*x + 848 = 4*b. Suppose -4*f = -6*f + 112. Let d = f - 32. Calculate the greatest common factor of x and d.
24
Let u(x) = x**2 + 15*x + 16. Let m be u(-15). Calculate the greatest common factor of 112 and m.
16
Let c = 4 - 6. Let t be (-46)/c + -2 + 0. Calculate the greatest common factor of 14 and t.
7
Let g = -26 - -34. What is the highest common divisor of g and 16?
8
Let b be 2/7 + 2/(-7). Suppose -4*q - 12 = b, -2*i + 16 = -4*q - 20. Let k = -85 - -145. Calculate the greatest common factor of k and i.
12
Let x be (5*1)/(4/(-12)). Let d be (2/7)/((-2)/(-14)). Let h be (-1)/(d/x)*2. What is the greatest common factor of 3 and h?
3
Let c(d) = d**3 + 0*d**2 - 4*d + 7*d**2 - 4*d**2 - 9 + 3*d**2. Let a be c(-6). Calculate the greatest common divisor of 15 and a.
15
Suppose -b = -3*h - 29, b = -3*b + 3*h + 71. Calculate the highest common divisor of b and 42.
14
Suppose 3*d = 2*s - 35, -5*s - 2*d = d - 119. Let b be (-4)/s + (-938)/(-77). Calculate the highest common factor of 6 and b.
6
Let i be 11 + (-4)/6*3. Calculate the highest common factor of i and 99.
9
